 the prime factors of 498.
2, 3, 83
List the prime factors of 172.
2, 43
What are the prime factors of 15166?
2, 7583
List the prime factors of 2295.
3, 5, 17
What are the prime factors of 318?
2, 3, 53
List the prime factors of 2979.
3, 331
What are the prime factors of 1015?
5, 7, 29
List the prime factors of 259.
7, 37
List the prime factors of 105.
3, 5, 7
What are the prime factors of 6265?
5, 7, 179
What are the prime factors of 22246?
2, 7, 227
What are the prime factors of 265?
5, 53
What are the prime factors of 24871?
7, 11, 17, 19
List the prime factors of 52471.
137, 383
List the prime factors of 5625.
3, 5
What are the prime factors of 92680?
2, 5, 7, 331
What are the prime factors of 287?
7, 41
List the prime factors of 1378.
2, 13, 53
What are the prime factors of 9195?
3, 5, 613
What are the prime factors of 206855?
5, 11, 3761
What are the prime factors of 816?
2, 3, 17
List the prime factors of 7634.
2, 11, 347
What are the prime factors of 4653?
3, 11, 47
What are the prime factors of 58483?
233, 251
List the prime factors of 18242.
2, 7, 1303
List the prime factors of 5201.
7, 743
What are the prime factors of 6027?
3, 7, 41
List the prime factors of 34154.
2, 17077
What are the prime factors of 19455?
3, 5, 1297
What are the prime factors of 436?
2, 109
List the prime factors of 1191.
3, 397
List the prime factors of 14936.
2, 1867
List the prime factors of 19974.
2, 3, 3329
What are the prime factors of 28675?
5, 31, 37
List the prime factors of 98548.
2, 71, 347
What are the prime factors of 6685?
5, 7, 191
What are the prime factors of 13034?
2, 7, 19
What are the prime factors of 2080?
2, 5, 13
What are the prime factors of 114979?
31, 3709
List the prime factors of 821.
821
What are the prime factors of 82904?
2, 43, 241
List the prime factors of 4670.
2, 5, 467
List the prime factors of 536.
2, 67
List the prime factors of 4187.
53, 79
List the prime factors of 422.
2, 211
List the prime factors of 20162.
2, 17, 593
List the prime factors of 1466.
2, 733
What are the prime factors of 15973?
15973
List the prime factors of 6539.
13, 503
List the prime factors of 331.
331
What are the prime factors of 97700?
2, 5, 977
List the prime factors of 1155.
3, 5, 7, 11
List the prime factors of 18923.
127, 149
What are the prime factors of 5528?
2, 691
List the prime factors of 170.
2, 5, 17
List the prime factors of 45493.
7, 67, 97
What are the prime factors of 10219?
11, 929
List the prime factors of 143341.
11, 83, 157
What are the prime factors of 13561?
71, 191
List the prime factors of 1228.
2, 307
What are the prime factors of 35730?
2, 3, 5, 397
What are the prime factors of 664?
2, 83
List the prime factors of 3450.
2, 3, 5, 23
What are the prime factors of 54660?
2, 3, 5, 911
List the prime factors of 1072.
2, 67
List the prime factors of 14413.
7, 29, 71
What are the prime factors of 1007?
19, 53
List the prime factors of 5354.
2, 2677
List the prime factors of 7974.
2, 3, 443
What are the prime factors of 14067?
3, 521
List the prime factors of 65170.
2, 5, 7, 19
List the prime factors of 497.
7, 71
What are the prime factors of 4598?
2, 11, 19
What are the prime factors of 444?
2, 3, 37
What are the prime factors of 1578?
2, 3, 263
List the prime factors of 58575.
3, 5, 11, 71
What are the prime factors of 33984?
2, 3, 59
List the prime factors of 19723.
11, 163
List the prime factors of 44850.
2, 3, 5, 13, 23
What are the prime factors of 7408?
2, 463
List the prime factors of 28.
2, 7
List the prime factors of 16251.
3, 5417
List the prime factors of 33372.
2, 3, 103
List the prime factors of 67621.
19, 3559
What are the prime factors of 1703?
13, 131
List the prime factors of 18356.
2, 13, 353
What are the prime factors of 123288?
2, 3, 11, 467
List the prime factors of 17479.
7, 11, 227
List the prime factors of 1465.
5, 293
What are the prime factors of 159?
3, 53
List the prime factors of 95443.
95443
What are the prime factors of 8078?
2, 7, 577
List the prime factors of 18065.
5, 3613
What are the prime factors of 3739?
3739
What are the prime factors of 991?
991
What are the prime factors of 9733?
9733
List the prime factors of 48901.
79, 619
List the prime factors of 1327.
1327
What are the prime factors of 2224?
2, 139
What are the prime factors of 1827?
3, 7, 29
List the prime factors of 1088.
2, 17
List the prime factors of 2184.
2, 3, 7, 13
What are the prime factors of 19337?
61, 317
List the prime factors of 6007.
6007
What are the prime factors of 8524?
2, 2131
What are the prime factors of 5210?
2, 5, 521
List the prime factors of 11972.
2, 41, 73
What are the prime factors of 42141?
3, 11, 1277
List the prime factors of 491.
491
What are the prime factors of 52465?
5, 7, 1499
What are the prime factors of 1398?
2, 3, 233
What are the prime factors of 15143?
19, 797
List the prime factors of 40651.
13, 53, 59
List the prime factors of 707.
7, 101
What are the prime factors of 754?
2, 13, 29
List the prime factors of 33336.
2, 3, 463
What are the prime factors of 55339?
55339
What are the prime factors of 443?
443
What are the prime factors of 27698?
2, 11, 1259
List the prime factors of 10.
2, 5
What are the prime factors of 640?
2, 5
List the prime factors of 619.
619
List the prime factors of 41786.
2, 17, 1229
List the prime factors of 56250.
2, 3, 5
What are the prime factors of 34357?
17, 43, 47
List the prime factors of 2451.
3, 19, 43
What are the prime factors of 34290?
2, 3, 5, 127
List the prime factors of 9599.
29, 331
List the prime factors of 15523.
19, 43
List the prime factors of 3173.
19, 167
List the prime factors of 28289.
28289
What are the prime factors of 2124?
2, 3, 59
List the prime factors of 923.
13, 71
What are the prime factors of 12668?
2, 3167
What are the prime factors of 53647?
11, 4877
What are the prime factors of 1145?
5, 229
List the prime factors of 7079.
7079
List the prime factors of 1777.
1777
List the prime factors of 32927.
19, 1733
What are the prime factors of 96287?
73, 1319
What are the prime factors of 1841?
7, 263
What are the prime factors of 23147?
79, 293
List the prime factors of 127115.
5, 25423
What are the prime factors of 11854?
2, 5927
What are the prime factors of 3119?
3119
List the prime factors of 3127.
53, 59
List the prime factors of 3440.
2, 5, 43
What are the prime factors of 39400?
2, 5, 197
List the prime factors of 47173.
7, 23, 293
List the prime factors of 21257.
29, 733
What are the prime factors of 1078?
2, 7, 11
List the prime factors of 19313.
7, 31, 89
What are the prime factors of 10056?
2, 3, 419
What are the prime factors of 77105?
5, 7, 2203
List the prime factors of 23940.
2, 3, 5, 7, 19
What are the prime factors of 22862?
2, 7, 23, 71
List the prime factors of 1525.
5, 61
List the prime factors of 721.
7, 103
List the prime factors of 23297.
23297
List the prime factors of 44042.
2, 19, 61
List the prime factors of 8718.
2, 3, 1453
What are the prime factors of 6885?
3, 5, 17
List the prime factors of 2803.
2803
List the prime factors of 1476.
2, 3, 41
What are the prime factors of 869?
11, 79
List the prime factors of 5118.
2, 3, 853
What are the prime factors of 1804?
2, 11, 41
What are the prime factors of 16301?
16301
List the prime factors of 58679.
58679
List the prime factors of 87671.
87671
What are the prime factors of 2150?
2, 5, 43
List the prime factors of 9147.
3, 3049
What are the prime factors of 26740?
2, 5, 7, 191
List the prime factors of 32567.
29, 1123
What are the prime factors of 196521?
3, 13, 5039
List the prime factors of 521.
521
What are the prime factors of 8742?
2, 3, 31, 47
What are the prime factors of 1043?
7, 149
List the prime factors of 1440.
2, 3, 5
What are the prime factors of 40602?
2, 3, 67, 101
What are the prime factors of 362?
2, 181
List the prime factors of 184.
2, 23
What are the prime factors of 239?
239
List the prime factors of 7597.
71, 107
List the prime factors of 24175.
5, 967
What are the prime factors of 786?
2, 3, 131
What are the prime factors of 45688?
2, 5711
What are the prime factors of 68186?
2, 103, 331
What are the prime factors of 1021?
1021
What are the prime factors of 1571?
1571
What are the prime factors of 1788?
2, 3, 149
List the prime facto